{"id":1406,"date":"2026-01-06T13:29:09","date_gmt":"2026-01-06T12:29:09","guid":{"rendered":"https:\/\/svjmedia.nl\/irisnulkes\/?page_id=1406"},"modified":"2026-01-27T16:28:37","modified_gmt":"2026-01-27T15:28:37","slug":"kijken-met-kennis-podcast-1","status":"publish","type":"page","link":"https:\/\/svjmedia.nl\/irisnulkes\/kijken-met-kennis-podcast-1\/","title":{"rendered":"Kijken met Kennis &#8211; Pilotaflevering"},"content":{"rendered":"\n<div class=\"wp-block-media-text is-stacked-on-mobile\" style=\"grid-template-columns:32% auto\"><figure class=\"wp-block-media-text__media\"><img loading=\"lazy\" decoding=\"async\" width=\"1010\" height=\"1024\" src=\"https:\/\/svjmedia.nl\/irisnulkes\/wp-content\/uploads\/sites\/1722\/2026\/01\/IMG_8446-scaled-e1768999209582-1010x1024.jpeg\" alt=\"\" class=\"wp-image-1470 size-full\" srcset=\"https:\/\/svjmedia.nl\/irisnulkes\/wp-content\/uploads\/sites\/1722\/2026\/01\/IMG_8446-scaled-e1768999209582-1010x1024.jpeg 1010w, https:\/\/svjmedia.nl\/irisnulkes\/wp-content\/uploads\/sites\/1722\/2026\/01\/IMG_8446-scaled-e1768999209582-296x300.jpeg 296w, https:\/\/svjmedia.nl\/irisnulkes\/wp-content\/uploads\/sites\/1722\/2026\/01\/IMG_8446-scaled-e1768999209582-768x778.jpeg 768w, https:\/\/svjmedia.nl\/irisnulkes\/wp-content\/uploads\/sites\/1722\/2026\/01\/IMG_8446-scaled-e1768999209582-1516x1536.jpeg 1516w, https:\/\/svjmedia.nl\/irisnulkes\/wp-content\/uploads\/sites\/1722\/2026\/01\/IMG_8446-scaled-e1768999209582-24x24.jpeg 24w, https:\/\/svjmedia.nl\/irisnulkes\/wp-content\/uploads\/sites\/1722\/2026\/01\/IMG_8446-scaled-e1768999209582-48x48.jpeg 48w, https:\/\/svjmedia.nl\/irisnulkes\/wp-content\/uploads\/sites\/1722\/2026\/01\/IMG_8446-scaled-e1768999209582-96x96.jpeg 96w, https:\/\/svjmedia.nl\/irisnulkes\/wp-content\/uploads\/sites\/1722\/2026\/01\/IMG_8446-scaled-e1768999209582-500x507.jpeg 500w, https:\/\/svjmedia.nl\/irisnulkes\/wp-content\/uploads\/sites\/1722\/2026\/01\/IMG_8446-scaled-e1768999209582-800x811.jpeg 800w, https:\/\/svjmedia.nl\/irisnulkes\/wp-content\/uploads\/sites\/1722\/2026\/01\/IMG_8446-scaled-e1768999209582-1280x1297.jpeg 1280w, https:\/\/svjmedia.nl\/irisnulkes\/wp-content\/uploads\/sites\/1722\/2026\/01\/IMG_8446-scaled-e1768999209582.jpeg 1865w\" sizes=\"auto, (max-width: 1010px) 100vw, 1010px\" \/><\/figure><div class=\"wp-block-media-text__content\">\n<p><strong>Kijken met Kennis is een podcast waarin experts uit de film- en mediawereld uitleggen hoe kennis onze manier van kijken be\u00efnvloedt. In elke aflevering gaat Iris Nulkes in gesprek met \u00e9\u00e9n gast die vanuit zijn of haar expertise reflecteert op film, beeldcultuur en onderwijs.<\/strong><\/p>\n\n\n\n<p><em>Aflevering 1: Pilotaflevering<\/em><br>Twan Arts: docent, spreker en auteur op het gebied van film en filmgeschiedenis. <\/p>\n\n\n\n<p><em>Beeld: Iris Nulkes<\/em><\/p>\n<\/div><\/div>\n\n\n\n<div style=\"height:13px\" aria-hidden=\"true\" class=\"wp-block-spacer\"><\/div>\n\n\n\n<p><em>Waarom is filmgeschiedenis vandaag de dag nog steeds relevant, hoe leer je kijken met kennis en wat betekent goed filmonderwijs voor hem? Het komt allemaal aan bod in de allereerste aflevering van Kijken met Kennis!<\/em><\/p>\n\n\n\n<p><div class=\"humamaudio\" style=\"position:relative;overflow:hidden;width:600px;height:40px;margin:20px 0px;\"><iframe loading=\"lazy\" width=\"600\" height=\"40\" src=\"https:\/\/stream.hu.nl\/players\/RulxvArv-gUDjC9bv.html\"><\/iframe><\/div><br><\/p>\n","protected":false},"excerpt":{"rendered":"<p>Kijken met Kennis is een podcast waarin experts uit de film- en mediawereld uitleggen hoe kennis onze manier van kijken be\u00efnvloedt. In elke aflevering gaat Iris Nulkes in gesprek met \u00e9\u00e9n gast die vanuit zijn of haar expertise reflecteert op film, beeldcultuur en onderwijs. Aflevering 1: PilotafleveringTwan Arts: docent, spreker en auteur op het gebied &#8230; <a title=\"Kijken met Kennis &#8211; Pilotaflevering\" class=\"read-more\" href=\"https:\/\/svjmedia.nl\/irisnulkes\/kijken-met-kennis-podcast-1\/\" aria-label=\"Lees meer over Kijken met Kennis &#8211; Pilotaflevering\">Lees meer<\/a><\/p>\n","protected":false},"author":3101,"featured_media":0,"parent":0,"menu_order":0,"comment_status":"closed","ping_status":"closed","template":"","meta":{"_acf_changed":false,"footnotes":""},"class_list":["post-1406","page","type-page","status-publish"],"acf":[],"yoast_head":"<!-- This site is optimized with the Yoast SEO plugin v27.6 - https:\/\/yoast.com\/product\/yoast-seo-wordpress\/ -->\n<title>Kijken met Kennis - Pilotaflevering - Iris Nulkes<\/title>\n<meta name=\"robots\" content=\"noindex, follow, max-snippet:-1, max-image-preview:large, max-video-preview:-1\" \/>\n<meta property=\"og:locale\" content=\"nl_NL\" \/>\n<meta property=\"og:type\" content=\"article\" \/>\n<meta property=\"og:title\" content=\"Kijken met Kennis - Pilotaflevering - Iris Nulkes\" \/>\n<meta property=\"og:description\" content=\"Kijken met Kennis is een podcast waarin experts uit de film- en mediawereld uitleggen hoe kennis onze manier van kijken be\u00efnvloedt. In elke aflevering gaat Iris Nulkes in gesprek met \u00e9\u00e9n gast die vanuit zijn of haar expertise reflecteert op film, beeldcultuur en onderwijs. Aflevering 1: PilotafleveringTwan Arts: docent, spreker en auteur op het gebied ... Lees meer\" \/>\n<meta property=\"og:url\" content=\"https:\/\/svjmedia.nl\/irisnulkes\/kijken-met-kennis-podcast-1\/\" \/>\n<meta property=\"og:site_name\" content=\"Iris Nulkes\" \/>\n<meta property=\"article:modified_time\" content=\"2026-01-27T15:28:37+00:00\" \/>\n<meta property=\"og:image\" content=\"https:\/\/svjmedia.nl\/irisnulkes\/wp-content\/uploads\/sites\/1722\/2026\/01\/IMG_8446-scaled-e1768999209582.jpeg\" \/>\n\t<meta property=\"og:image:width\" content=\"1865\" \/>\n\t<meta property=\"og:image:height\" content=\"1890\" \/>\n\t<meta property=\"og:image:type\" content=\"image\/jpeg\" \/>\n<meta name=\"twitter:card\" content=\"summary_large_image\" \/>\n<meta name=\"twitter:label1\" content=\"Geschatte leestijd\" \/>\n\t<meta name=\"twitter:data1\" content=\"1 minuut\" \/>\n<script type=\"application\/ld+json\" class=\"yoast-schema-graph\">{\"@context\":\"https:\\\/\\\/schema.org\",\"@graph\":[{\"@type\":\"WebPage\",\"@id\":\"https:\\\/\\\/svjmedia.nl\\\/irisnulkes\\\/kijken-met-kennis-podcast-1\\\/\",\"url\":\"https:\\\/\\\/svjmedia.nl\\\/irisnulkes\\\/kijken-met-kennis-podcast-1\\\/\",\"name\":\"Kijken met Kennis - Pilotaflevering - Iris Nulkes\",\"isPartOf\":{\"@id\":\"https:\\\/\\\/svjmedia.nl\\\/irisnulkes\\\/#website\"},\"primaryImageOfPage\":{\"@id\":\"https:\\\/\\\/svjmedia.nl\\\/irisnulkes\\\/kijken-met-kennis-podcast-1\\\/#primaryimage\"},\"image\":{\"@id\":\"https:\\\/\\\/svjmedia.nl\\\/irisnulkes\\\/kijken-met-kennis-podcast-1\\\/#primaryimage\"},\"thumbnailUrl\":\"https:\\\/\\\/svjmedia.nl\\\/irisnulkes\\\/wp-content\\\/uploads\\\/sites\\\/1722\\\/2026\\\/01\\\/IMG_8446-scaled-e1768999209582-1010x1024.jpeg\",\"datePublished\":\"2026-01-06T12:29:09+00:00\",\"dateModified\":\"2026-01-27T15:28:37+00:00\",\"breadcrumb\":{\"@id\":\"https:\\\/\\\/svjmedia.nl\\\/irisnulkes\\\/kijken-met-kennis-podcast-1\\\/#breadcrumb\"},\"inLanguage\":\"nl-NL\",\"potentialAction\":[{\"@type\":\"ReadAction\",\"target\":[\"https:\\\/\\\/svjmedia.nl\\\/irisnulkes\\\/kijken-met-kennis-podcast-1\\\/\"]}]},{\"@type\":\"ImageObject\",\"inLanguage\":\"nl-NL\",\"@id\":\"https:\\\/\\\/svjmedia.nl\\\/irisnulkes\\\/kijken-met-kennis-podcast-1\\\/#primaryimage\",\"url\":\"https:\\\/\\\/svjmedia.nl\\\/irisnulkes\\\/wp-content\\\/uploads\\\/sites\\\/1722\\\/2026\\\/01\\\/IMG_8446-scaled-e1768999209582.jpeg\",\"contentUrl\":\"https:\\\/\\\/svjmedia.nl\\\/irisnulkes\\\/wp-content\\\/uploads\\\/sites\\\/1722\\\/2026\\\/01\\\/IMG_8446-scaled-e1768999209582.jpeg\",\"width\":1865,\"height\":1890},{\"@type\":\"BreadcrumbList\",\"@id\":\"https:\\\/\\\/svjmedia.nl\\\/irisnulkes\\\/kijken-met-kennis-podcast-1\\\/#breadcrumb\",\"itemListElement\":[{\"@type\":\"ListItem\",\"position\":1,\"name\":\"Home\",\"item\":\"https:\\\/\\\/svjmedia.nl\\\/irisnulkes\\\/\"},{\"@type\":\"ListItem\",\"position\":2,\"name\":\"Kijken met Kennis &#8211; Pilotaflevering\"}]},{\"@type\":\"WebSite\",\"@id\":\"https:\\\/\\\/svjmedia.nl\\\/irisnulkes\\\/#website\",\"url\":\"https:\\\/\\\/svjmedia.nl\\\/irisnulkes\\\/\",\"name\":\"Iris Nulkes\",\"description\":\"HU School voor Journalistiek Persoonlijk Dossier\",\"publisher\":{\"@id\":\"https:\\\/\\\/svjmedia.nl\\\/irisnulkes\\\/#organization\"},\"potentialAction\":[{\"@type\":\"SearchAction\",\"target\":{\"@type\":\"EntryPoint\",\"urlTemplate\":\"https:\\\/\\\/svjmedia.nl\\\/irisnulkes\\\/?s={search_term_string}\"},\"query-input\":{\"@type\":\"PropertyValueSpecification\",\"valueRequired\":true,\"valueName\":\"search_term_string\"}}],\"inLanguage\":\"nl-NL\"},{\"@type\":\"Organization\",\"@id\":\"https:\\\/\\\/svjmedia.nl\\\/irisnulkes\\\/#organization\",\"name\":\"HU School voor Journalistiek\",\"url\":\"https:\\\/\\\/svjmedia.nl\\\/irisnulkes\\\/\",\"logo\":{\"@type\":\"ImageObject\",\"inLanguage\":\"nl-NL\",\"@id\":\"https:\\\/\\\/svjmedia.nl\\\/irisnulkes\\\/#\\\/schema\\\/logo\\\/image\\\/\",\"url\":\"https:\\\/\\\/svjmedia.nl\\\/irisnulkes\\\/wp-content\\\/uploads\\\/sites\\\/1722\\\/2025\\\/03\\\/cropped-logo-iris.png\",\"contentUrl\":\"https:\\\/\\\/svjmedia.nl\\\/irisnulkes\\\/wp-content\\\/uploads\\\/sites\\\/1722\\\/2025\\\/03\\\/cropped-logo-iris.png\",\"width\":4500,\"height\":4140,\"caption\":\"HU School voor Journalistiek\"},\"image\":{\"@id\":\"https:\\\/\\\/svjmedia.nl\\\/irisnulkes\\\/#\\\/schema\\\/logo\\\/image\\\/\"}}]}<\/script>\n<!-- \/ Yoast SEO plugin. -->","yoast_head_json":{"title":"Kijken met Kennis - Pilotaflevering - Iris Nulkes","robots":{"index":"noindex","follow":"follow","max-snippet":"max-snippet:-1","max-image-preview":"max-image-preview:large","max-video-preview":"max-video-preview:-1"},"og_locale":"nl_NL","og_type":"article","og_title":"Kijken met Kennis - Pilotaflevering - Iris Nulkes","og_description":"Kijken met Kennis is een podcast waarin experts uit de film- en mediawereld uitleggen hoe kennis onze manier van kijken be\u00efnvloedt. In elke aflevering gaat Iris Nulkes in gesprek met \u00e9\u00e9n gast die vanuit zijn of haar expertise reflecteert op film, beeldcultuur en onderwijs. Aflevering 1: PilotafleveringTwan Arts: docent, spreker en auteur op het gebied ... Lees meer","og_url":"https:\/\/svjmedia.nl\/irisnulkes\/kijken-met-kennis-podcast-1\/","og_site_name":"Iris Nulkes","article_modified_time":"2026-01-27T15:28:37+00:00","og_image":[{"width":1865,"height":1890,"url":"https:\/\/svjmedia.nl\/irisnulkes\/wp-content\/uploads\/sites\/1722\/2026\/01\/IMG_8446-scaled-e1768999209582.jpeg","type":"image\/jpeg"}],"twitter_card":"summary_large_image","twitter_misc":{"Geschatte leestijd":"1 minuut"},"schema":{"@context":"https:\/\/schema.org","@graph":[{"@type":"WebPage","@id":"https:\/\/svjmedia.nl\/irisnulkes\/kijken-met-kennis-podcast-1\/","url":"https:\/\/svjmedia.nl\/irisnulkes\/kijken-met-kennis-podcast-1\/","name":"Kijken met Kennis - Pilotaflevering - Iris Nulkes","isPartOf":{"@id":"https:\/\/svjmedia.nl\/irisnulkes\/#website"},"primaryImageOfPage":{"@id":"https:\/\/svjmedia.nl\/irisnulkes\/kijken-met-kennis-podcast-1\/#primaryimage"},"image":{"@id":"https:\/\/svjmedia.nl\/irisnulkes\/kijken-met-kennis-podcast-1\/#primaryimage"},"thumbnailUrl":"https:\/\/svjmedia.nl\/irisnulkes\/wp-content\/uploads\/sites\/1722\/2026\/01\/IMG_8446-scaled-e1768999209582-1010x1024.jpeg","datePublished":"2026-01-06T12:29:09+00:00","dateModified":"2026-01-27T15:28:37+00:00","breadcrumb":{"@id":"https:\/\/svjmedia.nl\/irisnulkes\/kijken-met-kennis-podcast-1\/#breadcrumb"},"inLanguage":"nl-NL","potentialAction":[{"@type":"ReadAction","target":["https:\/\/svjmedia.nl\/irisnulkes\/kijken-met-kennis-podcast-1\/"]}]},{"@type":"ImageObject","inLanguage":"nl-NL","@id":"https:\/\/svjmedia.nl\/irisnulkes\/kijken-met-kennis-podcast-1\/#primaryimage","url":"https:\/\/svjmedia.nl\/irisnulkes\/wp-content\/uploads\/sites\/1722\/2026\/01\/IMG_8446-scaled-e1768999209582.jpeg","contentUrl":"https:\/\/svjmedia.nl\/irisnulkes\/wp-content\/uploads\/sites\/1722\/2026\/01\/IMG_8446-scaled-e1768999209582.jpeg","width":1865,"height":1890},{"@type":"BreadcrumbList","@id":"https:\/\/svjmedia.nl\/irisnulkes\/kijken-met-kennis-podcast-1\/#breadcrumb","itemListElement":[{"@type":"ListItem","position":1,"name":"Home","item":"https:\/\/svjmedia.nl\/irisnulkes\/"},{"@type":"ListItem","position":2,"name":"Kijken met Kennis &#8211; Pilotaflevering"}]},{"@type":"WebSite","@id":"https:\/\/svjmedia.nl\/irisnulkes\/#website","url":"https:\/\/svjmedia.nl\/irisnulkes\/","name":"Iris Nulkes","description":"HU School voor Journalistiek Persoonlijk Dossier","publisher":{"@id":"https:\/\/svjmedia.nl\/irisnulkes\/#organization"},"potentialAction":[{"@type":"SearchAction","target":{"@type":"EntryPoint","urlTemplate":"https:\/\/svjmedia.nl\/irisnulkes\/?s={search_term_string}"},"query-input":{"@type":"PropertyValueSpecification","valueRequired":true,"valueName":"search_term_string"}}],"inLanguage":"nl-NL"},{"@type":"Organization","@id":"https:\/\/svjmedia.nl\/irisnulkes\/#organization","name":"HU School voor Journalistiek","url":"https:\/\/svjmedia.nl\/irisnulkes\/","logo":{"@type":"ImageObject","inLanguage":"nl-NL","@id":"https:\/\/svjmedia.nl\/irisnulkes\/#\/schema\/logo\/image\/","url":"https:\/\/svjmedia.nl\/irisnulkes\/wp-content\/uploads\/sites\/1722\/2025\/03\/cropped-logo-iris.png","contentUrl":"https:\/\/svjmedia.nl\/irisnulkes\/wp-content\/uploads\/sites\/1722\/2025\/03\/cropped-logo-iris.png","width":4500,"height":4140,"caption":"HU School voor Journalistiek"},"image":{"@id":"https:\/\/svjmedia.nl\/irisnulkes\/#\/schema\/logo\/image\/"}}]}},"_links":{"self":[{"href":"https:\/\/svjmedia.nl\/irisnulkes\/wp-json\/wp\/v2\/pages\/1406","targetHints":{"allow":["GET"]}}],"collection":[{"href":"https:\/\/svjmedia.nl\/irisnulkes\/wp-json\/wp\/v2\/pages"}],"about":[{"href":"https:\/\/svjmedia.nl\/irisnulkes\/wp-json\/wp\/v2\/types\/page"}],"author":[{"embeddable":true,"href":"https:\/\/svjmedia.nl\/irisnulkes\/wp-json\/wp\/v2\/users\/3101"}],"replies":[{"embeddable":true,"href":"https:\/\/svjmedia.nl\/irisnulkes\/wp-json\/wp\/v2\/comments?post=1406"}],"version-history":[{"count":10,"href":"https:\/\/svjmedia.nl\/irisnulkes\/wp-json\/wp\/v2\/pages\/1406\/revisions"}],"predecessor-version":[{"id":1519,"href":"https:\/\/svjmedia.nl\/irisnulkes\/wp-json\/wp\/v2\/pages\/1406\/revisions\/1519"}],"wp:attachment":[{"href":"https:\/\/svjmedia.nl\/irisnulkes\/wp-json\/wp\/v2\/media?parent=1406"}],"curies":[{"name":"wp","href":"https:\/\/api.w.org\/{rel}","templated":true}]}}