{"id":475,"date":"2023-04-06T00:36:27","date_gmt":"2023-04-05T22:36:27","guid":{"rendered":"https:\/\/svjmedia.nl\/isisvanharen\/?page_id=475"},"modified":"2023-04-06T00:43:18","modified_gmt":"2023-04-05T22:43:18","slug":"artikel-onderzoek","status":"publish","type":"page","link":"https:\/\/svjmedia.nl\/isisvanharen\/specialisatie-semester-kunst-cultuur-lifestyle\/artikel-onderzoek\/","title":{"rendered":"Is ge\u00ebngageerde literatuur van belang voor kinderen?"},"content":{"rendered":"<p><span style=\"font-weight: 400\">Een klein meisje, ongeveer zeven jaar, wankelt naar de plek waar ze haar boeken kan inscannen. Het zijn er wel vijftien. Hoe ze het allemaal vast kan houden in haar kleine armpjes, weet ze ook niet zo goed. Maar de boeken moeten mee, dus scant ze ze vrolijk in. Nieuw leesvoer voor de aankomende week.\u00a0<\/span><\/p>\n<p><span style=\"font-weight: 400\">Dit is een beeld dat je nu waarschijnlijk niet zo snel meer tegen zou komen in de bibliotheek, maar voor mij was het de waarheid. Mijn passie voor lezen begon al toen ik nog niet eens kon lezen. Op dit moment heb ik te veel boeken voor de grootte van mijn kast. Dat is bijzonder als je kijkt naar alle berichten in de media over ontlezing van vooral jongeren. Volgens een <\/span><a href=\"https:\/\/www.rijksoverheid.nl\/onderwerpen\/lezen-en-bibliotheken\/boeken-lezen-stimuleren\"><span style=\"font-weight: 400\">rapport<\/span><\/a><span style=\"font-weight: 400\"> van het Ministerie van Onderwijs wordt er niet alleen minder gelezen, jongeren vinden lezen ook nog minder leuk.\u00a0<\/span><\/p>\n<p><span style=\"font-weight: 400\">Toch leest nog 68% van de beginnende lezers, dat zijn kinderen van ongeveer zeven jaar, dagelijks een boek volgens <\/span><a href=\"https:\/\/www.lezen.nl\/onderzoek\/leestijd-daalt-met-leeftijd\/\"><i><span style=\"font-weight: 400\">stichting lezen<\/span><\/i><\/a><span style=\"font-weight: 400\">. Op dit moment is er zelfs een stijging van 16% lezende jongeren tussen de vijftien en vijfentwintig jaar oud. Uit een artikel van de <\/span><a href=\"https:\/\/nos.nl\/artikel\/2441522-jongeren-lezen-steeds-minder-tiktok-biedt-boekenbranche-hoop\"><i><span style=\"font-weight: 400\">NOS<\/span><\/i><\/a><span style=\"font-weight: 400\"> blijkt dat jongeren vaak thema\u2019s in boeken zoeken waar zij zichzelf mee kunnen identificeren. In mijn onderzoek over ge\u00ebngageerde jeugdliteratuur, ga ik op zoek naar het belang daarvan. Nederland maakt zich enorm druk om de ontlezing, maar zouden we ons ook druk moeten maken om wat voor een soort boeken kinderen lezen? Of maakt dat niet uit? In dit artikel vertel ik je de meest opmerkelijke bevindingen van mijn onderzoek.\u00a0<\/span><\/p>\n<p><strong>Ge\u00ebngageerde kunst<br \/>\n<\/strong><span style=\"font-weight: 400\">Allereerst is het natuurlijk belangrijk om te weten wat ge\u00ebngageerde kunst eigenlijk is. Al snel kom ik erachter dat er geen duidelijke definitie bestaat. De <\/span><a href=\"https:\/\/www.vandale.nl\/gratis-woordenboek\/nederlands\/betekenis\/engagement#.Y5pHjS-iFQI\"><i><span style=\"font-weight: 400\">Van Dale<\/span><\/i><\/a><span style=\"font-weight: 400\"> zegt dat het: <\/span><i><span style=\"font-weight: 400\">\u2018Een gevoel van morele verplichting of met een uitgesproken mening over de maatschappelijke kwesties\u2019<\/span><\/i><span style=\"font-weight: 400\"> betekent. Ge\u00ebngageerde literatuur komt waarschijnlijk van het Franse woord: <\/span><i><span style=\"font-weight: 400\">Litt\u00e9rature engag\u00e9e<\/span><\/i><span style=\"font-weight: 400\">, wat <\/span><i><span style=\"font-weight: 400\">\u2018literatuur ten dienste van iets\u2019<\/span><\/i><span style=\"font-weight: 400\"> betekent. De Digitale Bibliotheek voor Nederlandse Letteren betwist of iets als ge\u00ebngageerde kunst \u00fcberhaupt bestaat. Volgens hen bestaat er alleen een ge\u00ebngageerde kunstenaar. De betekenis waar ik verder ga tijdens mijn onderzoek is: \u2018<\/span><i><span style=\"font-weight: 400\">kunst met een boodschap, vaak over belangrijke maatschappelijke onderwerpen<\/span><\/i><span style=\"font-weight: 400\">\u2019.<\/span><\/p>\n<p><strong>Leesgedrag<\/strong><b><br \/>\n<\/b><span style=\"font-weight: 400\">Hiernaast is het leesgedrag van kinderen van belang in mijn onderzoek. Daar is natuurlijk al enorm veel onderzoek naar gedaan, maar het viel me op dat die vaak gaan over ontlezing, terwijl jongeren vanaf de covid-tijd juist meer zijn gaan lezen. Ik onderzocht of kinderen ook last hebben van ontlezing. Al klopt het niet dat er maar weinig kinderen lezen, zoals in de inleiding genoemd leest 68% van de zevenjarige dagelijks een boek, klopt het wel dat ze niet lang lezen. Uit hetzelfde onderzoek van <\/span><i><span style=\"font-weight: 400\">stichting lezen<\/span><\/i><span style=\"font-weight: 400\"> dat ik al eerder noemde, blijkt dat kinderen in 2018 maar ongeveer veertien minuten per dag lezen. In 2013 was het nog ongeveer drie\u00ebntwintig minuten per dag. Ook het percentage kinderen dat nooit leest is enorm gestegen van 2009 tot 2019 van 49% naar 53%.\u00a0<\/span><\/p>\n<p><strong>Lezen voor sociale ontwikkeling?\u00a0<\/strong><b><br \/>\n<\/b><span style=\"font-weight: 400\">In de artikelen over ontlezing in de media, wordt vaak benoemd hoe goed lezen wel niet voor je is op het gebied van eigenlijk alles. Toch wordt er nooit echt specifiek benoemd waar het dan goed voor is, naast je taalontwikkeling. Door mijn onderzoek kwam ik erachter dat de artikelen niet liegen, lezen is echt goed voor je op heel veel verschillende gebieden. Daarom kies ik ervoor om alleen te onderzoeken wat lezen met kinderen doet op het gebied van sociale ontwikkeling. Terwijl kinderen opgroeien gaan ze door verschillende levensfases heen. Welke soort ontwikkeling een kind tegenkomt, hangt erg af van de levensfase waar ze in zitten. Zo leert een kind van een tot twee jaar vooral veel over zichzelf door hun eigen wil te ontdekken, door middel van taal. Maar een kind van zeven tot twaalf jaar gaat zich juist meer spiegelen waardoor de leefwereld groter wordt. Zij leren vooral veel van de wereld om zich heen. <\/span><i><span style=\"font-weight: 400\">(<\/span><\/i><a href=\"https:\/\/wijzeroverdebasisschool.nl\/uitleg\/sociaal-emotionele-ontwikkeling\"><i><span style=\"font-weight: 400\">wouda<\/span><\/i><\/a><i><span style=\"font-weight: 400\">, 2022)<\/span><\/i><\/p>\n<p><span style=\"font-weight: 400\">Door het lezen van een boek, kan een kind een beter beeld krijgen van zichzelf en de wereld om zich heen. In kinderboeken wordt vaak gepraat over normen en waarden, daarbij leert een kind praten over een onderwerp dat ze heeft gelezen met de mensen om zich heen. <\/span><i><span style=\"font-weight: 400\">(<\/span><\/i><a href=\"https:\/\/wijzeroverdebasisschool.nl\/uitleg\/belang-van-lezen\"><i><span style=\"font-weight: 400\">de Boer<\/span><\/i><\/a><i><span style=\"font-weight: 400\">, 2022)<\/span><\/i><span style=\"font-weight: 400\"> Belangrijk om te weten is dat ge\u00ebngageerde kunst effect heeft op de \u2018theory of mind\u2019, de capaciteit van een mens om te begrijpen dat andere personen overtuigingen en verlangens hebben en dat die anders kunnen zijn dan die van jezelf. <\/span><i><span style=\"font-weight: 400\">(<\/span><\/i><a href=\"https:\/\/doi.org\/10.1126\/science.1239918\"><i><span style=\"font-weight: 400\">Kidd, D. C, &amp; Castano, E<\/span><\/i><\/a><i><span style=\"font-weight: 400\">, 2013)<\/span><\/i> <span style=\"font-weight: 400\">Dit is eigenlijk een moeilijke uitleg van de betekenis van empathie. Je kind leert dus empathie te kennen en hebben door middel van lezen.\u00a0<\/span><\/p>\n<p><span style=\"font-weight: 400\">Annemarie Regeling, docent taal en ge\u00ebngageerde jeugdliteratuur op Hogeschool KPZ, die ik interviewde voor mijn onderzoek, is het hier mee eens. \u2018Lezen zorgt er bij kinderen voor dat ze leren over zichzelf, hun identiteit, land en voorouders, maar ook over de wereld. Bijvoorbeeld hoe een plant groeit, feitjes en kennis dus. Daarbij zit er ook een gevoelslaag in. Het werkt als een soort spiegel en raam. Je leert meer over jezelf en je leert meer over een wereld die je nog niet kent en misschien ook niet snel zelf tegen zou komen.\u2019\u00a0<\/span><\/p>\n<p><strong>Populairste kinderboeken thema&#8217;s\u00a0<\/strong><b><br \/>\n<\/b><span style=\"font-weight: 400\">Tijdens het laatste deel van mijn onderzoek ga ik op zoek naar de meest voorkomende thema\u2019s in kinderboeken. Hierdoor kom ik erachter of dit ge\u00ebngageerde thema\u2019s zijn. Kinderen van acht tot twaalf jaar vinden een stripboek meestal het leukst om te lezen, blijkt uit het onderzoek van <\/span><i><span style=\"font-weight: 400\">stichting lezen<\/span><\/i><span style=\"font-weight: 400\">. De meeste duidelijke ge\u00ebngageerde boeken worden gelezen door de leeftijdsgroep 12 +. Volgens Regeling zijn er bepaalde soorten verhalen die altijd in kinderboeken terugkomen zoals verhalen over dieren, vriendschap en avonturen. Avonturen die zijn verzonnen of die echt gebeurd zijn. Ook boeken over de geschiedenis doen het \u2018razend\u2019 goed volgens haar. Regeling stelt dat kinderboeken van deze tijd meestal wel ge\u00ebngageerd zijn. \u2018We zien steeds vaker thema\u2019s als diversiteit of het klimaat terugkomen. Het komt dus vaak overeen met wat er op dit moment speelt in de maatschappij.\u2019<\/span><\/p>\n<p><span style=\"font-weight: 400\">Naast Regeling sprak ik met William Remmers, specialist kinderboeken bij boekverkooperij Dekker van de Vegt. Hij is het eens met haar en bevestigt dat je ook kalender dingen als Sinterklaas vaak terug zal vinden in kinderboeken. \u2018Uitgeverijen spelen graag in op wat er gebeurt in de maatschappij, daar willen ze dan boeken over verkopen. Vandaar dat boeken over het klimaat en diversiteit nu veel voorkomen. De kinderboekenweek heeft een groot aandeel in de thema\u2019s die het in een jaar goed doen. Afgelopen jaar was het thema groen. Je ziet dat er niet alleen meer boeken over het klimaat worden gekocht, maar ook geschreven.\u2019<\/span><\/p>\n<p><strong>Ge\u00ebngageerde jeugdliteratuur is belangrijk!<br \/>\n<\/strong><span style=\"font-weight: 400\">In mijn onderzoek ging ik dus op zoek naar het antwoord op de vraag of ge\u00ebngageerde literatuur belangrijk is voor kinderen. Ja, kinderen hebben veel baat bij het lezen van ge\u00ebngageerde literatuur. Niet alleen zijn de meest voorkomende thema\u2019s in hedendaagse kinderboeken vooral ge\u00ebngageerd, kinderen leren ook nog eens enorm veel van lezen. <\/span><\/p>\n<p><br style=\"font-weight: 400\" \/><br style=\"font-weight: 400\" \/><\/p>\n","protected":false},"excerpt":{"rendered":"<p>Een klein meisje, ongeveer zeven jaar, wankelt naar de plek waar ze haar boeken kan inscannen. Het zijn er wel vijftien. Hoe ze het allemaal vast kan houden in haar kleine armpjes, weet ze ook niet zo goed. Maar de boeken moeten mee, dus scant ze ze vrolijk in. Nieuw leesvoer voor de aankomende week.\u00a0 [&hellip;]<\/p>\n","protected":false},"author":1095,"featured_media":486,"parent":469,"menu_order":0,"comment_status":"closed","ping_status":"closed","template":"","meta":{"_acf_changed":false,"footnotes":""},"class_list":{"0":"post-475","1":"page","2":"type-page","3":"status-publish","4":"has-post-thumbnail","5":"hentry","7":"aesop-entry-content"},"acf":[],"yoast_head":"<!-- This site is optimized with the Yoast SEO plugin v27.6 - https:\/\/yoast.com\/product\/yoast-seo-wordpress\/ -->\n<title>Is ge\u00ebngageerde literatuur van belang voor kinderen? - Isis van Haren<\/title>\n<meta name=\"robots\" content=\"noindex, follow, max-snippet:-1, max-image-preview:large, max-video-preview:-1\" \/>\n<meta property=\"og:locale\" content=\"nl_NL\" \/>\n<meta property=\"og:type\" content=\"article\" \/>\n<meta property=\"og:title\" content=\"Is ge\u00ebngageerde literatuur van belang voor kinderen? - Isis van Haren\" \/>\n<meta property=\"og:description\" content=\"Een klein meisje, ongeveer zeven jaar, wankelt naar de plek waar ze haar boeken kan inscannen. Het zijn er wel vijftien. Hoe ze het allemaal vast kan houden in haar kleine armpjes, weet ze ook niet zo goed. Maar de boeken moeten mee, dus scant ze ze vrolijk in. Nieuw leesvoer voor de aankomende week.\u00a0 [&hellip;]\" \/>\n<meta property=\"og:url\" content=\"https:\/\/svjmedia.nl\/isisvanharen\/specialisatie-semester-kunst-cultuur-lifestyle\/artikel-onderzoek\/\" \/>\n<meta property=\"og:site_name\" content=\"Isis van Haren\" \/>\n<meta property=\"article:modified_time\" content=\"2023-04-05T22:43:18+00:00\" \/>\n<meta property=\"og:image\" content=\"https:\/\/svjmedia.nl\/isisvanharen\/wp-content\/uploads\/sites\/796\/2023\/04\/storytelling-gd07351806_1920.jpg\" \/>\n\t<meta property=\"og:image:width\" content=\"1920\" \/>\n\t<meta property=\"og:image:height\" content=\"1080\" \/>\n\t<meta property=\"og:image:type\" content=\"image\/jpeg\" \/>\n<meta name=\"twitter:card\" content=\"summary_large_image\" \/>\n<meta name=\"twitter:label1\" content=\"Geschatte leestijd\" \/>\n\t<meta name=\"twitter:data1\" content=\"6 minuten\" \/>\n<script type=\"application\/ld+json\" class=\"yoast-schema-graph\">{\"@context\":\"https:\\\/\\\/schema.org\",\"@graph\":[{\"@type\":\"WebPage\",\"@id\":\"https:\\\/\\\/svjmedia.nl\\\/isisvanharen\\\/specialisatie-semester-kunst-cultuur-lifestyle\\\/artikel-onderzoek\\\/\",\"url\":\"https:\\\/\\\/svjmedia.nl\\\/isisvanharen\\\/specialisatie-semester-kunst-cultuur-lifestyle\\\/artikel-onderzoek\\\/\",\"name\":\"Is ge\u00ebngageerde literatuur van belang voor kinderen? - Isis van Haren\",\"isPartOf\":{\"@id\":\"https:\\\/\\\/svjmedia.nl\\\/isisvanharen\\\/#website\"},\"primaryImageOfPage\":{\"@id\":\"https:\\\/\\\/svjmedia.nl\\\/isisvanharen\\\/specialisatie-semester-kunst-cultuur-lifestyle\\\/artikel-onderzoek\\\/#primaryimage\"},\"image\":{\"@id\":\"https:\\\/\\\/svjmedia.nl\\\/isisvanharen\\\/specialisatie-semester-kunst-cultuur-lifestyle\\\/artikel-onderzoek\\\/#primaryimage\"},\"thumbnailUrl\":\"https:\\\/\\\/svjmedia.nl\\\/isisvanharen\\\/wp-content\\\/uploads\\\/sites\\\/796\\\/2023\\\/04\\\/storytelling-gd07351806_1920.jpg\",\"datePublished\":\"2023-04-05T22:36:27+00:00\",\"dateModified\":\"2023-04-05T22:43:18+00:00\",\"breadcrumb\":{\"@id\":\"https:\\\/\\\/svjmedia.nl\\\/isisvanharen\\\/specialisatie-semester-kunst-cultuur-lifestyle\\\/artikel-onderzoek\\\/#breadcrumb\"},\"inLanguage\":\"nl-NL\",\"potentialAction\":[{\"@type\":\"ReadAction\",\"target\":[\"https:\\\/\\\/svjmedia.nl\\\/isisvanharen\\\/specialisatie-semester-kunst-cultuur-lifestyle\\\/artikel-onderzoek\\\/\"]}]},{\"@type\":\"ImageObject\",\"inLanguage\":\"nl-NL\",\"@id\":\"https:\\\/\\\/svjmedia.nl\\\/isisvanharen\\\/specialisatie-semester-kunst-cultuur-lifestyle\\\/artikel-onderzoek\\\/#primaryimage\",\"url\":\"https:\\\/\\\/svjmedia.nl\\\/isisvanharen\\\/wp-content\\\/uploads\\\/sites\\\/796\\\/2023\\\/04\\\/storytelling-gd07351806_1920.jpg\",\"contentUrl\":\"https:\\\/\\\/svjmedia.nl\\\/isisvanharen\\\/wp-content\\\/uploads\\\/sites\\\/796\\\/2023\\\/04\\\/storytelling-gd07351806_1920.jpg\",\"width\":1920,\"height\":1080,\"caption\":\"Foto door pixabay\"},{\"@type\":\"BreadcrumbList\",\"@id\":\"https:\\\/\\\/svjmedia.nl\\\/isisvanharen\\\/specialisatie-semester-kunst-cultuur-lifestyle\\\/artikel-onderzoek\\\/#breadcrumb\",\"itemListElement\":[{\"@type\":\"ListItem\",\"position\":1,\"name\":\"Home\",\"item\":\"https:\\\/\\\/svjmedia.nl\\\/isisvanharen\\\/\"},{\"@type\":\"ListItem\",\"position\":2,\"name\":\"Specialisatie semester KCL\",\"item\":\"https:\\\/\\\/svjmedia.nl\\\/isisvanharen\\\/specialisatie-semester-kunst-cultuur-lifestyle\\\/\"},{\"@type\":\"ListItem\",\"position\":3,\"name\":\"Is ge\u00ebngageerde literatuur van belang voor kinderen?\"}]},{\"@type\":\"WebSite\",\"@id\":\"https:\\\/\\\/svjmedia.nl\\\/isisvanharen\\\/#website\",\"url\":\"https:\\\/\\\/svjmedia.nl\\\/isisvanharen\\\/\",\"name\":\"Isis van Haren\",\"description\":\"&quot;We know what we are, but know not what we may be&quot;\",\"potentialAction\":[{\"@type\":\"SearchAction\",\"target\":{\"@type\":\"EntryPoint\",\"urlTemplate\":\"https:\\\/\\\/svjmedia.nl\\\/isisvanharen\\\/?s={search_term_string}\"},\"query-input\":{\"@type\":\"PropertyValueSpecification\",\"valueRequired\":true,\"valueName\":\"search_term_string\"}}],\"inLanguage\":\"nl-NL\"}]}<\/script>\n<!-- \/ Yoast SEO plugin. -->","yoast_head_json":{"title":"Is ge\u00ebngageerde literatuur van belang voor kinderen? - Isis van Haren","robots":{"index":"noindex","follow":"follow","max-snippet":"max-snippet:-1","max-image-preview":"max-image-preview:large","max-video-preview":"max-video-preview:-1"},"og_locale":"nl_NL","og_type":"article","og_title":"Is ge\u00ebngageerde literatuur van belang voor kinderen? - Isis van Haren","og_description":"Een klein meisje, ongeveer zeven jaar, wankelt naar de plek waar ze haar boeken kan inscannen. Het zijn er wel vijftien. Hoe ze het allemaal vast kan houden in haar kleine armpjes, weet ze ook niet zo goed. Maar de boeken moeten mee, dus scant ze ze vrolijk in. Nieuw leesvoer voor de aankomende week.\u00a0 [&hellip;]","og_url":"https:\/\/svjmedia.nl\/isisvanharen\/specialisatie-semester-kunst-cultuur-lifestyle\/artikel-onderzoek\/","og_site_name":"Isis van Haren","article_modified_time":"2023-04-05T22:43:18+00:00","og_image":[{"width":1920,"height":1080,"url":"https:\/\/svjmedia.nl\/isisvanharen\/wp-content\/uploads\/sites\/796\/2023\/04\/storytelling-gd07351806_1920.jpg","type":"image\/jpeg"}],"twitter_card":"summary_large_image","twitter_misc":{"Geschatte leestijd":"6 minuten"},"schema":{"@context":"https:\/\/schema.org","@graph":[{"@type":"WebPage","@id":"https:\/\/svjmedia.nl\/isisvanharen\/specialisatie-semester-kunst-cultuur-lifestyle\/artikel-onderzoek\/","url":"https:\/\/svjmedia.nl\/isisvanharen\/specialisatie-semester-kunst-cultuur-lifestyle\/artikel-onderzoek\/","name":"Is ge\u00ebngageerde literatuur van belang voor kinderen? - Isis van Haren","isPartOf":{"@id":"https:\/\/svjmedia.nl\/isisvanharen\/#website"},"primaryImageOfPage":{"@id":"https:\/\/svjmedia.nl\/isisvanharen\/specialisatie-semester-kunst-cultuur-lifestyle\/artikel-onderzoek\/#primaryimage"},"image":{"@id":"https:\/\/svjmedia.nl\/isisvanharen\/specialisatie-semester-kunst-cultuur-lifestyle\/artikel-onderzoek\/#primaryimage"},"thumbnailUrl":"https:\/\/svjmedia.nl\/isisvanharen\/wp-content\/uploads\/sites\/796\/2023\/04\/storytelling-gd07351806_1920.jpg","datePublished":"2023-04-05T22:36:27+00:00","dateModified":"2023-04-05T22:43:18+00:00","breadcrumb":{"@id":"https:\/\/svjmedia.nl\/isisvanharen\/specialisatie-semester-kunst-cultuur-lifestyle\/artikel-onderzoek\/#breadcrumb"},"inLanguage":"nl-NL","potentialAction":[{"@type":"ReadAction","target":["https:\/\/svjmedia.nl\/isisvanharen\/specialisatie-semester-kunst-cultuur-lifestyle\/artikel-onderzoek\/"]}]},{"@type":"ImageObject","inLanguage":"nl-NL","@id":"https:\/\/svjmedia.nl\/isisvanharen\/specialisatie-semester-kunst-cultuur-lifestyle\/artikel-onderzoek\/#primaryimage","url":"https:\/\/svjmedia.nl\/isisvanharen\/wp-content\/uploads\/sites\/796\/2023\/04\/storytelling-gd07351806_1920.jpg","contentUrl":"https:\/\/svjmedia.nl\/isisvanharen\/wp-content\/uploads\/sites\/796\/2023\/04\/storytelling-gd07351806_1920.jpg","width":1920,"height":1080,"caption":"Foto door pixabay"},{"@type":"BreadcrumbList","@id":"https:\/\/svjmedia.nl\/isisvanharen\/specialisatie-semester-kunst-cultuur-lifestyle\/artikel-onderzoek\/#breadcrumb","itemListElement":[{"@type":"ListItem","position":1,"name":"Home","item":"https:\/\/svjmedia.nl\/isisvanharen\/"},{"@type":"ListItem","position":2,"name":"Specialisatie semester KCL","item":"https:\/\/svjmedia.nl\/isisvanharen\/specialisatie-semester-kunst-cultuur-lifestyle\/"},{"@type":"ListItem","position":3,"name":"Is ge\u00ebngageerde literatuur van belang voor kinderen?"}]},{"@type":"WebSite","@id":"https:\/\/svjmedia.nl\/isisvanharen\/#website","url":"https:\/\/svjmedia.nl\/isisvanharen\/","name":"Isis van Haren","description":"&quot;We know what we are, but know not what we may be&quot;","potentialAction":[{"@type":"SearchAction","target":{"@type":"EntryPoint","urlTemplate":"https:\/\/svjmedia.nl\/isisvanharen\/?s={search_term_string}"},"query-input":{"@type":"PropertyValueSpecification","valueRequired":true,"valueName":"search_term_string"}}],"inLanguage":"nl-NL"}]}},"_links":{"self":[{"href":"https:\/\/svjmedia.nl\/isisvanharen\/wp-json\/wp\/v2\/pages\/475","targetHints":{"allow":["GET"]}}],"collection":[{"href":"https:\/\/svjmedia.nl\/isisvanharen\/wp-json\/wp\/v2\/pages"}],"about":[{"href":"https:\/\/svjmedia.nl\/isisvanharen\/wp-json\/wp\/v2\/types\/page"}],"author":[{"embeddable":true,"href":"https:\/\/svjmedia.nl\/isisvanharen\/wp-json\/wp\/v2\/users\/1095"}],"replies":[{"embeddable":true,"href":"https:\/\/svjmedia.nl\/isisvanharen\/wp-json\/wp\/v2\/comments?post=475"}],"version-history":[{"count":0,"href":"https:\/\/svjmedia.nl\/isisvanharen\/wp-json\/wp\/v2\/pages\/475\/revisions"}],"up":[{"embeddable":true,"href":"https:\/\/svjmedia.nl\/isisvanharen\/wp-json\/wp\/v2\/pages\/469"}],"wp:featuredmedia":[{"embeddable":true,"href":"https:\/\/svjmedia.nl\/isisvanharen\/wp-json\/wp\/v2\/media\/486"}],"wp:attachment":[{"href":"https:\/\/svjmedia.nl\/isisvanharen\/wp-json\/wp\/v2\/media?parent=475"}],"curies":[{"name":"wp","href":"https:\/\/api.w.org\/{rel}","templated":true}]}}