{"id":268,"date":"2019-09-13T10:44:38","date_gmt":"2019-09-13T08:44:38","guid":{"rendered":"https:\/\/svjmedia.nl\/mariekjanssen\/?page_id=268"},"modified":"2024-05-28T16:56:56","modified_gmt":"2024-05-28T14:56:56","slug":"interview","status":"publish","type":"page","link":"https:\/\/svjmedia.nl\/mariekjanssen\/portfolio-slow\/interview\/","title":{"rendered":"Interview"},"content":{"rendered":"\n<h3 class=\"wp-block-heading\">\u2018Elke keer als ik werd beschuldigd was er iets in mij wat schreeuwde \u2018fuck you, het is niet waar.\u2019<\/h3>\n\n\n\n<div class=\"wp-block-columns is-layout-flex wp-container-core-columns-is-layout-9d6595d7 wp-block-columns-is-layout-flex\">\n<div class=\"wp-block-column is-layout-flow wp-block-column-is-layout-flow\">\n<figure class=\"wp-block-image size-large\"><img decoding=\"async\" src=\"https:\/\/svjmedia.nl\/mariekjanssen\/wp-content\/uploads\/sites\/1528\/2024\/04\/foto-joris-1-1024x742.jpg\" alt=\"\" class=\"wp-image-575\" \/><\/figure>\n<\/div>\n<\/div>\n\n\n\n<p><strong>Joris Rietveld zat 17 jaar lang in de kungfu-sekte van Ren\u00e9 L. Een kungfu groep die erom draaide om echte \u2018krijgers\u2019 te worden, maar die langzaam uitgroeide tot een sekte. Maar hoe blijf je geloven in een leider die zo onredelijk lijkt?<\/strong><\/p>\n\n\n\n<p>Een schotwond, een bos, en een groep mensen die bij hoog en laag beweerd dat hun vriend door een wildvreemde is beschoten. Zo ver kan het gaan, en zo ver kwam het ook. Want dit is iets wat Joris echt heeft meegemaakt.<\/p>\n\n\n\n<p>Joris was 23 toen hij voor het eerst in contact kwam met de kungfu groep. Via een vriend. Dat gebeurt meestal zo, volgens Frances Peters, sekte-expert en coach. Het \u201cwervingsproces\u201d gaat bijna altijd via-via. Die vriend vroeg of Joris een keer mee wilde naar een kungfu les. Daar kwam hij voor het eerst in aanraking met Ren\u00e9. \u2018Tijdens die les liep Ren\u00e9 binnen, gespierd, strenge blik, samoerai knot. Die man weet waar die het over heeft. Zijn aanwezigheid dwong respect af.\u2019<\/p>\n\n\n\n<p>\u2018Ik dacht voordat ik bij de groep van Ren\u00e9 kwam, dat ik nooit in een sekte zou belanden.\u2019 Dat is een van de grootste misconcepties die er bestaan over sektes. Want volgens Frank Krake, sekte-expert, is er nooit een onderzoek geweest dat er een bepaald type mens vatbaarder is voor sektes. Het enige wat is ontdekt is dat je vatbaarder bent als je net een verandering hebt meegemaakt. Maar dat kan zo klein zijn als ontslagen worden, uit elkaar gaan met je partner of verhuizen.<\/p>\n\n\n\n<p><strong>Een warm bad en de koude douche<\/strong><\/p>\n\n\n\n<p>Nieuwe sekteleden worden vaak overladen met complimentjes en waardering, het warme bad principe. Na een tijdje slaat het om in een koude douche. De sfeer wordt grimmiger. De liefde en waardering slaat om in controle en manipulatie. Elk lid maakt die verloop van warm bad naar koude douche in een andere tijd mee. Leden die al jaren in de sekte van Ren\u00e9 zaten, waren al jarenlang ondergedompeld in de koude douche. Terwijl Joris toen pas net om de hoek kwam kijken en dus terecht kwam in het warme bad.<\/p>\n\n\n\n<p>&nbsp;\u2018In het begin werd er vaak gezegd: die jongens uit Utrecht die willen tenminste wat, ze kunnen er niks van, maar ze gaan ervoor. Dat streelt je ego, dat is fijn om te horen. Tegelijkertijd zie je anderen in elkaar krimpen, op dat moment snap ik niet waarom.\u2019 Maar dat begrip kwam nog wel, want dat strelen van iemands ego deed Ren\u00e9 om anderen slecht over zichzelf te laten voelen.<\/p>\n\n\n\n<p>\u2018De eerste keer dat ik het onderwerp van Ren\u00e9s kritiek was, ging dat over iets wat ik zelf had verteld. Ik had een keer gedeeld dat ik wel eens had ge\u00ebxperimenteerd met drugs. En dat ik best wel lang had geblowd. Dat was nog nooit een probleem geweest. Tot Ren\u00e9 ineens zijn tirade begon over dat ik als verslaafde nooit krijger zou kunnen worden. En dat ik gewoon een junk was. Ik was het er niet mee eens, maar dat slik je, want je hebt het zelf gezegd.\u2019<\/p>\n\n\n\n<p>Dingen die iemand heeft gezegd tegen hen gebruiken is geen onbekende tactiek voor Ren\u00e9. Dat noem je gaslighten en volgens slachtofferwijzer.nl betekent dat: dat iemand de waarheid verdraaid om zo een ander aan zichzelf te doen twijfelen. Dat gaat gepaard met jarenlange dreiging en manipulatie<\/p>\n\n\n\n<p>Joris verzette zich daar in het begin nog hevig tegen, maar dat wordt op den duur vermoeiend. Want Ren\u00e9, ging soms wekenlang door met het inpraten op iemand. Tot diegene toegaf.<\/p>\n\n\n\n<p><strong>Waarom ga je niet weg?<\/strong><\/p>\n\n\n\n<p>Waarom blijft iemand in een sekte? Dat is een vraag die elke buitenstaander zich wel eens heeft afgevraagd. Maar waar kan je heen als je geen contact meer hebt met vrienden en familie? En je hele leven in teken staat van deze groep?<\/p>\n\n\n\n<p>Volgens Hassans BITE (Behavior, Information, Thought en Emotions ) analyse is een van de dingen die een sekteleider wil controleren het contact met buitenstaanders.<\/p>\n\n\n\n<p>\u2018Ren\u00e9 had voor iedereen andere eisen en dat maakte het verwarrend, waar de een absoluut niet naar hun familie moest, moest de ander dat overduidelijk wel. Dat maakte het super onzeker, er was geen touw aan vast te knopen.\u2019<\/p>\n\n\n\n<p>\u2018Je deed het nooit goed. Je moest laten zien dat je luisterde, je mocht niet te veel emotie laten zien, dat was levensgevaarlijk, want je was toch een krijger? Maar te weinig emotie zou weer laten zien dat het je niks deed. En daar word je heel klein van, je gaat dan zo aan jezelf twijfelen.\u2019<\/p>\n\n\n\n<p>Joris blijft, ondanks alle tegenstellingen. Hij was toen al bijna 10 jaar dag in dag uit keihard aan het werk om krijger te worden. Ook al, weet hij nu met terugwerkende kracht te vertellen, zou dat nooit lukken.<\/p>\n\n\n\n<p><strong>In het teken van de groep<\/strong><\/p>\n\n\n\n<p>Hoe langer iemand in een sekte zit, hoe meer toewijding er wordt gevraagd. Een manier om volgelingen uit te putten, maar ook om ervoor te zorgen dat ze geen tijd hebben om bij zichzelf na te gaan of het allemaal wel klopt waar ze mee bezig zijn.<\/p>\n\n\n\n<p>\u2018Op een gegeven moment was alles in het teken van de groep. Een manier om ons uit te putten. Ik denk dat ik die jaren elke nacht niet meer dan 4 uur geslapen heb. Want als je \u00e9n moet trainen \u00e9n je hebt 3 of 4 keer in de week tot 4 uur s \u2019nachts besprekingen en je moet nog werken. Dan ben je op een gegeven moment zo uitgeput, dat je geen ruimte hebt om nog na te denken. Want die ene vrije avond val je om 21 uur in slaap.\u2019<\/p>\n\n\n\n<p>Dan is er een schietincident. Ren\u00e9 wil een nieuw vuurwapen laten zien. Dat gaat goed tot dat wapen ineens afgaat. Er gaat een kogel dwars door het arm en been van een groepslid. Wat doet de groep? Ze brengen de gewonde naar het bos, laten hem zelf 112 bellen. Zo kan de groep een verhaal fabriceren dat hun vriend is beschoten door een wildvreemde. Terwijl Joris alle wietplantages ontruimt. Een onwaarschijnlijk scenario zou je denken, maar als een hele groep hetzelfde verklaart aan de politie, dan zal het toch wel waar zijn?<\/p>\n\n\n\n<p><strong>Een kantelpunt?<\/strong><\/p>\n\n\n\n<p>Tussen de jaren 2010 en 2012 kwam er een soort kantelpunt voor Joris. Hij was toen al 10 jaar lang altijd keihard aan het werk, voor de groep, en om te groeien. Maar die groei kwam er nooit. Of misschien soms, maar dat duurde nooit lang.<\/p>\n\n\n\n<p>\u2018Ren\u00e9 deed het zo: eerst maakte het ene deel van de groep (gefaciliteerde) groei door en waren de andere de sukkels. Die werden met de grond gelijkgemaakt. En dan wisselde hij het om. Zodat je constant aan het switchen was tussen je goed voelen. Want ik maak groei door. En je rot voelen omdat Ren\u00e9 je net weer helemaal de grond in had geboord. Dat is een heel makkelijk spelletje, verdeel en heers. Maar na een tijdje denk je wel, ben ik hier nu weer?\u2019<\/p>\n\n\n\n<p>Maar echt nadenken over weggaan gaat dan nog niet volgens Joris. Hij verkeerde in zo\u2019n overlevingsstand dat hij niet verder kon of durfde na te denken. Zelfs niet als er groepsleden weggaan.<\/p>\n\n\n\n<p>\u2018Op een gegeven moment verliet een meisje de groep. Waarvan Ren\u00e9 zei dat hij haar de groep had uitgezet. Achteraf bleek dat helemaal niet waar te zijn. Een jaar later, zei Ren\u00e9 dat dat meisje hem had gebeld, of ze terug mocht komen. Maar dat Ren\u00e9 haar niet terug wilde. Dat was gewoon een methode om ons speciaal te laten voelen.\u2019<\/p>\n\n\n\n<p><strong>De doorslag<\/strong><\/p>\n\n\n\n<p>Joris is in 2015 de rechterhand van Ren\u00e9, wat betekende dat hij minder bij groepsbesprekingen hoefde te zijn. Ren\u00e9s grootste fout, volgens Joris. Want daardoor kon hij voor het eerst in 17 jaar nadenken zonder dat Ren\u00e9 hem probeerde te be\u00efnvloeden.<\/p>\n\n\n\n<p>Volgens een Politie Cashiers uit 2021 over sektarische bewegingen is het moment dat een sektelid wat meer afstand kan nemen van de sekte vaker het kantelpunt. De sekteleider verliest dan hun greep op de volgeling waardoor de volgeling weer helder en kritisch na kan denken.<\/p>\n\n\n\n<p>Joris werd dat jaar een aantal keren beschuldigd dat hij zijn \u2018vrienden\u2019 zou naaien. Dat was over de periode van 17 jaar al eerder gebeurd. Maar deze keer was net \u00e9\u00e9n keer te veel.<\/p>\n\n\n\n<p>\u2018Elke keer als ik werd beschuldigd was er iets in mij wat schreeuwde \u2018fuck you, het is niet waar. Tot ik het niet meer kon slikken.\u2019<\/p>\n\n\n\n<p>Dat jaar confronteerde Joris Ren\u00e9. Hij liep weg tijdens een groepsbespreking. Iets wat hij daarvoor nooit had durven doen. &nbsp;Want als je al vaker een mes tegen je keel hebt gehad, waarom zou je dan denken dat Ren\u00e9 je niks aan zou doen?<\/p>\n\n\n\n<p>\u2018Op een gegeven moment kwam Ren\u00e9 bij mij. Ik had gezegd dat ik niet bij de groep zou zijn omdat ik hoofdpijn had. Toen kwam hij mij \u2018wel even mores leren\u2019. Ben je slappeling heb je weer hoofdpijn zei hij dan. En ik ging gewoon weer door het lint. Ik dacht, maak me maar dood, dan ben ik van jou af. Ik kon het geen dag langer meer aan. Ren\u00e9 werd toen een klein mannetje op mijn bank. Hij ging huilen en toen ik uitgeraasd was, ging hij heel empathisch doen. Hij probeerde mij nog binnen te houden, maar ik kon het niet meer geloven. Het werkte niet meer, ik had verwacht dat hij mij de keel zou doorsnijden, maar dat deed hij niet. Dus dat toneelstukje dat werkte niet meer.\u2019<\/p>\n\n\n\n<p><strong>En wat dan?<\/strong><\/p>\n\n\n\n<p>De maanden na de confrontatie heeft Joris zo ongezien mogelijk zoveel mogelijk spullen weggehaald van de groep. Want hij wilde al het geld dat hij in de groep had gestoken terugkrijgen. Tegelijkertijd helpt Joris mensen in de groep losbreken. Niet lang na Joris z\u2019n vertrek viel de groep uit elkaar.<\/p>\n\n\n\n<p><strong>Gerecht<\/strong><\/p>\n\n\n\n<p>Joris en 3 andere ex-leden slepen Ren\u00e9 voor de rechter. Leden melden aan de rechtbank dat ze te maken kregen met zweepslagen, verwurgingen en klappen op de oren.&nbsp; Er waren ook verklaringen over het jarenlange seksuele misbruik van de vrouwelijke leden van de groep, maar dat is niet onderzocht. In 2021 wordt er 30 maanden celstraf opgelegd. Ren\u00e9 zou zich volgens de rechtbank lange tijd schuldig hebben gemaakt aan excessief verbaal en fysiek geweld.<\/p>\n\n\n\n<p>Ren\u00e9 ontkent de beschuldigingen. Hij geeft toe een \u2018enkel klapje\u2019 te hebben uitgedeeld maar ontkent hij. Ren\u00e9 gaat na de uitspraak in hoger beroep. Het OM eist op 3 april een half jaar meer dan eerder de eis was. 15 mei is de uitspraak.<\/p>\n\n\n\n<p>Joris is nu getrouwd met Linda die hij binnen de groep heeft leren kennen. Het gaat goed, hij heeft een eigen bedrijf, geeft veel lezingen, is bezig met een boek en is niet meer continu bezig met de sekte.<\/p>\n","protected":false},"excerpt":{"rendered":"<p>\u2018Elke keer als ik werd beschuldigd was er iets in mij wat schreeuwde \u2018fuck you, het is niet waar.\u2019 Joris Rietveld zat 17 jaar lang in de kungfu-sekte van Ren\u00e9 L. Een kungfu groep die erom draaide om echte \u2018krijgers\u2019 te worden, maar die langzaam uitgroeide tot een sekte. Maar hoe blijf je geloven in &#8230; <a title=\"Interview\" class=\"read-more\" href=\"https:\/\/svjmedia.nl\/mariekjanssen\/portfolio-slow\/interview\/\" aria-label=\"Lees meer over Interview\">Lees meer<\/a><\/p>\n","protected":false},"author":1,"featured_media":0,"parent":261,"menu_order":0,"comment_status":"closed","ping_status":"closed","template":"","meta":{"_acf_changed":false,"footnotes":""},"class_list":["post-268","page","type-page","status-publish"],"acf":[],"yoast_head":"<!-- This site is optimized with the Yoast SEO plugin v27.4 - https:\/\/yoast.com\/product\/yoast-seo-wordpress\/ -->\n<title>Interview - Mariek Janssen<\/title>\n<meta name=\"robots\" content=\"noindex, follow, max-snippet:-1, max-image-preview:large, max-video-preview:-1\" \/>\n<meta property=\"og:locale\" content=\"nl_NL\" \/>\n<meta property=\"og:type\" content=\"article\" \/>\n<meta property=\"og:title\" content=\"Interview - Mariek Janssen\" \/>\n<meta property=\"og:description\" content=\"\u2018Elke keer als ik werd beschuldigd was er iets in mij wat schreeuwde \u2018fuck you, het is niet waar.\u2019 Joris Rietveld zat 17 jaar lang in de kungfu-sekte van Ren\u00e9 L. Een kungfu groep die erom draaide om echte \u2018krijgers\u2019 te worden, maar die langzaam uitgroeide tot een sekte. Maar hoe blijf je geloven in ... Lees meer\" \/>\n<meta property=\"og:url\" content=\"https:\/\/svjmedia.nl\/mariekjanssen\/portfolio-slow\/interview\/\" \/>\n<meta property=\"og:site_name\" content=\"Mariek Janssen\" \/>\n<meta property=\"article:modified_time\" content=\"2024-05-28T14:56:56+00:00\" \/>\n<meta property=\"og:image\" content=\"https:\/\/svjmedia.nl\/mariekjanssen\/wp-content\/uploads\/sites\/1528\/2024\/04\/foto-joris-1-1024x742.jpg\" \/>\n<meta name=\"twitter:card\" content=\"summary_large_image\" \/>\n<meta name=\"twitter:label1\" content=\"Geschatte leestijd\" \/>\n\t<meta name=\"twitter:data1\" content=\"9 minuten\" \/>\n<script type=\"application\/ld+json\" class=\"yoast-schema-graph\">{\"@context\":\"https:\\\/\\\/schema.org\",\"@graph\":[{\"@type\":\"WebPage\",\"@id\":\"https:\\\/\\\/svjmedia.nl\\\/mariekjanssen\\\/portfolio-slow\\\/interview\\\/\",\"url\":\"https:\\\/\\\/svjmedia.nl\\\/mariekjanssen\\\/portfolio-slow\\\/interview\\\/\",\"name\":\"Interview - Mariek Janssen\",\"isPartOf\":{\"@id\":\"https:\\\/\\\/svjmedia.nl\\\/mariekjanssen\\\/#website\"},\"primaryImageOfPage\":{\"@id\":\"https:\\\/\\\/svjmedia.nl\\\/mariekjanssen\\\/portfolio-slow\\\/interview\\\/#primaryimage\"},\"image\":{\"@id\":\"https:\\\/\\\/svjmedia.nl\\\/mariekjanssen\\\/portfolio-slow\\\/interview\\\/#primaryimage\"},\"thumbnailUrl\":\"https:\\\/\\\/svjmedia.nl\\\/mariekjanssen\\\/wp-content\\\/uploads\\\/sites\\\/1528\\\/2024\\\/04\\\/foto-joris-1-1024x742.jpg\",\"datePublished\":\"2019-09-13T08:44:38+00:00\",\"dateModified\":\"2024-05-28T14:56:56+00:00\",\"breadcrumb\":{\"@id\":\"https:\\\/\\\/svjmedia.nl\\\/mariekjanssen\\\/portfolio-slow\\\/interview\\\/#breadcrumb\"},\"inLanguage\":\"nl-NL\",\"potentialAction\":[{\"@type\":\"ReadAction\",\"target\":[\"https:\\\/\\\/svjmedia.nl\\\/mariekjanssen\\\/portfolio-slow\\\/interview\\\/\"]}]},{\"@type\":\"ImageObject\",\"inLanguage\":\"nl-NL\",\"@id\":\"https:\\\/\\\/svjmedia.nl\\\/mariekjanssen\\\/portfolio-slow\\\/interview\\\/#primaryimage\",\"url\":\"https:\\\/\\\/svjmedia.nl\\\/mariekjanssen\\\/wp-content\\\/uploads\\\/sites\\\/1528\\\/2024\\\/04\\\/foto-joris-1-scaled-e1731927226975.jpg\",\"contentUrl\":\"https:\\\/\\\/svjmedia.nl\\\/mariekjanssen\\\/wp-content\\\/uploads\\\/sites\\\/1528\\\/2024\\\/04\\\/foto-joris-1-scaled-e1731927226975.jpg\",\"width\":1920,\"height\":602},{\"@type\":\"BreadcrumbList\",\"@id\":\"https:\\\/\\\/svjmedia.nl\\\/mariekjanssen\\\/portfolio-slow\\\/interview\\\/#breadcrumb\",\"itemListElement\":[{\"@type\":\"ListItem\",\"position\":1,\"name\":\"Home\",\"item\":\"https:\\\/\\\/svjmedia.nl\\\/mariekjanssen\\\/\"},{\"@type\":\"ListItem\",\"position\":2,\"name\":\"Portfolio Slow\",\"item\":\"https:\\\/\\\/svjmedia.nl\\\/mariekjanssen\\\/portfolio-slow\\\/\"},{\"@type\":\"ListItem\",\"position\":3,\"name\":\"Interview\"}]},{\"@type\":\"WebSite\",\"@id\":\"https:\\\/\\\/svjmedia.nl\\\/mariekjanssen\\\/#website\",\"url\":\"https:\\\/\\\/svjmedia.nl\\\/mariekjanssen\\\/\",\"name\":\"Mariek Janssen\",\"description\":\"HU School voor Journalistiek Persoonlijk Dossier\",\"publisher\":{\"@id\":\"https:\\\/\\\/svjmedia.nl\\\/mariekjanssen\\\/#organization\"},\"potentialAction\":[{\"@type\":\"SearchAction\",\"target\":{\"@type\":\"EntryPoint\",\"urlTemplate\":\"https:\\\/\\\/svjmedia.nl\\\/mariekjanssen\\\/?s={search_term_string}\"},\"query-input\":{\"@type\":\"PropertyValueSpecification\",\"valueRequired\":true,\"valueName\":\"search_term_string\"}}],\"inLanguage\":\"nl-NL\"},{\"@type\":\"Organization\",\"@id\":\"https:\\\/\\\/svjmedia.nl\\\/mariekjanssen\\\/#organization\",\"name\":\"HU School voor Journalistiek\",\"url\":\"https:\\\/\\\/svjmedia.nl\\\/mariekjanssen\\\/\",\"logo\":{\"@type\":\"ImageObject\",\"inLanguage\":\"nl-NL\",\"@id\":\"https:\\\/\\\/svjmedia.nl\\\/mariekjanssen\\\/#\\\/schema\\\/logo\\\/image\\\/\",\"url\":\"https:\\\/\\\/svjmedia.nl\\\/mariekjanssen\\\/wp-content\\\/uploads\\\/sites\\\/1528\\\/2019\\\/08\\\/HU-logo.png\",\"contentUrl\":\"https:\\\/\\\/svjmedia.nl\\\/mariekjanssen\\\/wp-content\\\/uploads\\\/sites\\\/1528\\\/2019\\\/08\\\/HU-logo.png\",\"width\":500,\"height\":434,\"caption\":\"HU School voor Journalistiek\"},\"image\":{\"@id\":\"https:\\\/\\\/svjmedia.nl\\\/mariekjanssen\\\/#\\\/schema\\\/logo\\\/image\\\/\"}}]}<\/script>\n<!-- \/ Yoast SEO plugin. -->","yoast_head_json":{"title":"Interview - Mariek Janssen","robots":{"index":"noindex","follow":"follow","max-snippet":"max-snippet:-1","max-image-preview":"max-image-preview:large","max-video-preview":"max-video-preview:-1"},"og_locale":"nl_NL","og_type":"article","og_title":"Interview - Mariek Janssen","og_description":"\u2018Elke keer als ik werd beschuldigd was er iets in mij wat schreeuwde \u2018fuck you, het is niet waar.\u2019 Joris Rietveld zat 17 jaar lang in de kungfu-sekte van Ren\u00e9 L. Een kungfu groep die erom draaide om echte \u2018krijgers\u2019 te worden, maar die langzaam uitgroeide tot een sekte. Maar hoe blijf je geloven in ... Lees meer","og_url":"https:\/\/svjmedia.nl\/mariekjanssen\/portfolio-slow\/interview\/","og_site_name":"Mariek Janssen","article_modified_time":"2024-05-28T14:56:56+00:00","og_image":[{"url":"https:\/\/svjmedia.nl\/mariekjanssen\/wp-content\/uploads\/sites\/1528\/2024\/04\/foto-joris-1-1024x742.jpg","type":"","width":"","height":""}],"twitter_card":"summary_large_image","twitter_misc":{"Geschatte leestijd":"9 minuten"},"schema":{"@context":"https:\/\/schema.org","@graph":[{"@type":"WebPage","@id":"https:\/\/svjmedia.nl\/mariekjanssen\/portfolio-slow\/interview\/","url":"https:\/\/svjmedia.nl\/mariekjanssen\/portfolio-slow\/interview\/","name":"Interview - Mariek Janssen","isPartOf":{"@id":"https:\/\/svjmedia.nl\/mariekjanssen\/#website"},"primaryImageOfPage":{"@id":"https:\/\/svjmedia.nl\/mariekjanssen\/portfolio-slow\/interview\/#primaryimage"},"image":{"@id":"https:\/\/svjmedia.nl\/mariekjanssen\/portfolio-slow\/interview\/#primaryimage"},"thumbnailUrl":"https:\/\/svjmedia.nl\/mariekjanssen\/wp-content\/uploads\/sites\/1528\/2024\/04\/foto-joris-1-1024x742.jpg","datePublished":"2019-09-13T08:44:38+00:00","dateModified":"2024-05-28T14:56:56+00:00","breadcrumb":{"@id":"https:\/\/svjmedia.nl\/mariekjanssen\/portfolio-slow\/interview\/#breadcrumb"},"inLanguage":"nl-NL","potentialAction":[{"@type":"ReadAction","target":["https:\/\/svjmedia.nl\/mariekjanssen\/portfolio-slow\/interview\/"]}]},{"@type":"ImageObject","inLanguage":"nl-NL","@id":"https:\/\/svjmedia.nl\/mariekjanssen\/portfolio-slow\/interview\/#primaryimage","url":"https:\/\/svjmedia.nl\/mariekjanssen\/wp-content\/uploads\/sites\/1528\/2024\/04\/foto-joris-1-scaled-e1731927226975.jpg","contentUrl":"https:\/\/svjmedia.nl\/mariekjanssen\/wp-content\/uploads\/sites\/1528\/2024\/04\/foto-joris-1-scaled-e1731927226975.jpg","width":1920,"height":602},{"@type":"BreadcrumbList","@id":"https:\/\/svjmedia.nl\/mariekjanssen\/portfolio-slow\/interview\/#breadcrumb","itemListElement":[{"@type":"ListItem","position":1,"name":"Home","item":"https:\/\/svjmedia.nl\/mariekjanssen\/"},{"@type":"ListItem","position":2,"name":"Portfolio Slow","item":"https:\/\/svjmedia.nl\/mariekjanssen\/portfolio-slow\/"},{"@type":"ListItem","position":3,"name":"Interview"}]},{"@type":"WebSite","@id":"https:\/\/svjmedia.nl\/mariekjanssen\/#website","url":"https:\/\/svjmedia.nl\/mariekjanssen\/","name":"Mariek Janssen","description":"HU School voor Journalistiek Persoonlijk Dossier","publisher":{"@id":"https:\/\/svjmedia.nl\/mariekjanssen\/#organization"},"potentialAction":[{"@type":"SearchAction","target":{"@type":"EntryPoint","urlTemplate":"https:\/\/svjmedia.nl\/mariekjanssen\/?s={search_term_string}"},"query-input":{"@type":"PropertyValueSpecification","valueRequired":true,"valueName":"search_term_string"}}],"inLanguage":"nl-NL"},{"@type":"Organization","@id":"https:\/\/svjmedia.nl\/mariekjanssen\/#organization","name":"HU School voor Journalistiek","url":"https:\/\/svjmedia.nl\/mariekjanssen\/","logo":{"@type":"ImageObject","inLanguage":"nl-NL","@id":"https:\/\/svjmedia.nl\/mariekjanssen\/#\/schema\/logo\/image\/","url":"https:\/\/svjmedia.nl\/mariekjanssen\/wp-content\/uploads\/sites\/1528\/2019\/08\/HU-logo.png","contentUrl":"https:\/\/svjmedia.nl\/mariekjanssen\/wp-content\/uploads\/sites\/1528\/2019\/08\/HU-logo.png","width":500,"height":434,"caption":"HU School voor Journalistiek"},"image":{"@id":"https:\/\/svjmedia.nl\/mariekjanssen\/#\/schema\/logo\/image\/"}}]}},"_links":{"self":[{"href":"https:\/\/svjmedia.nl\/mariekjanssen\/wp-json\/wp\/v2\/pages\/268","targetHints":{"allow":["GET"]}}],"collection":[{"href":"https:\/\/svjmedia.nl\/mariekjanssen\/wp-json\/wp\/v2\/pages"}],"about":[{"href":"https:\/\/svjmedia.nl\/mariekjanssen\/wp-json\/wp\/v2\/types\/page"}],"author":[{"embeddable":true,"href":"https:\/\/svjmedia.nl\/mariekjanssen\/wp-json\/wp\/v2\/users\/1"}],"replies":[{"embeddable":true,"href":"https:\/\/svjmedia.nl\/mariekjanssen\/wp-json\/wp\/v2\/comments?post=268"}],"version-history":[{"count":0,"href":"https:\/\/svjmedia.nl\/mariekjanssen\/wp-json\/wp\/v2\/pages\/268\/revisions"}],"up":[{"embeddable":true,"href":"https:\/\/svjmedia.nl\/mariekjanssen\/wp-json\/wp\/v2\/pages\/261"}],"wp:attachment":[{"href":"https:\/\/svjmedia.nl\/mariekjanssen\/wp-json\/wp\/v2\/media?parent=268"}],"curies":[{"name":"wp","href":"https:\/\/api.w.org\/{rel}","templated":true}]}}