{"version":"1.0","provider_name":"Nieuwegein","provider_url":"https:\/\/svjmedia.nl\/nieuwegein","author_name":"Talha Yunus Cicek \u00c7i\u00e7ek","author_url":"https:\/\/svjmedia.nl\/nieuwegein\/author\/talhayunuscicek-cicek\/","title":"Inwoners van Nieuwegein denken mee over hun stad - Nieuwegein","type":"rich","width":600,"height":338,"html":"<blockquote class=\"wp-embedded-content\" data-secret=\"IAudK4LzbR\"><a href=\"https:\/\/svjmedia.nl\/nieuwegein\/1024\/ideeenmarkt-in-het-stadhuis-van-nieuwegein\/\">Inwoners van Nieuwegein denken mee over hun stad<\/a><\/blockquote><iframe sandbox=\"allow-scripts\" security=\"restricted\" src=\"https:\/\/svjmedia.nl\/nieuwegein\/1024\/ideeenmarkt-in-het-stadhuis-van-nieuwegein\/embed\/#?secret=IAudK4LzbR\" width=\"600\" height=\"338\" title=\"&#8220;Inwoners van Nieuwegein denken mee over hun stad&#8221; &#8212; Nieuwegein\" data-secret=\"IAudK4LzbR\" frameborder=\"0\" marginwidth=\"0\" marginheight=\"0\" scrolling=\"no\" class=\"wp-embedded-content\"><\/iframe><script type=\"text\/javascript\">\n\/* <![CDATA[ *\/\n\/*! This file is auto-generated *\/\n!function(d,l){\"use strict\";l.querySelector&&d.addEventListener&&\"undefined\"!=typeof URL&&(d.wp=d.wp||{},d.wp.receiveEmbedMessage||(d.wp.receiveEmbedMessage=function(e){var t=e.data;if((t||t.secret||t.message||t.value)&&!\/[^a-zA-Z0-9]\/.test(t.secret)){for(var s,r,n,a=l.querySelectorAll('iframe[data-secret=\"'+t.secret+'\"]'),o=l.querySelectorAll('blockquote[data-secret=\"'+t.secret+'\"]'),c=new RegExp(\"^https?:$\",\"i\"),i=0;i<o.length;i++)o[i].style.display=\"none\";for(i=0;i<a.length;i++)s=a[i],e.source===s.contentWindow&&(s.removeAttribute(\"style\"),\"height\"===t.message?(1e3<(r=parseInt(t.value,10))?r=1e3:~~r<200&&(r=200),s.height=r):\"link\"===t.message&&(r=new URL(s.getAttribute(\"src\")),n=new URL(t.value),c.test(n.protocol))&&n.host===r.host&&l.activeElement===s&&(d.top.location.href=t.value))}},d.addEventListener(\"message\",d.wp.receiveEmbedMessage,!1),l.addEventListener(\"DOMContentLoaded\",function(){for(var e,t,s=l.querySelectorAll(\"iframe.wp-embedded-content\"),r=0;r<s.length;r++)(t=(e=s[r]).getAttribute(\"data-secret\"))||(t=Math.random().toString(36).substring(2,12),e.src+=\"#?secret=\"+t,e.setAttribute(\"data-secret\",t)),e.contentWindow.postMessage({message:\"ready\",secret:t},\"*\")},!1)))}(window,document);\n\/\/# sourceURL=https:\/\/svjmedia.nl\/nieuwegein\/wp-includes\/js\/wp-embed.min.js\n\/* ]]> *\/\n<\/script>\n","thumbnail_url":"https:\/\/svjmedia.nl\/nieuwegein\/wp-content\/uploads\/sites\/1796\/2025\/10\/20251015_205418-scaled.jpg","thumbnail_width":2560,"thumbnail_height":1920,"description":"Op woensdag 15 oktober werd de derde idee\u00ebnmarkt gehouden in het stadshuis van Nieuwegein met als thema \u2018ontmoeten en verbinden\u2019. Inwoners uit Nieuwegein konden hun idee\u00ebn inzenden voor allerlei ontwikkelingen binnen hun stad. GroenLinks-raadslid en voorzitter van de idee\u00ebnmarkt Jelle Doosje vertelt hoe de idee\u00ebnmarkt inwoners betrekt bij hun stad Met zijn ronde bril, opvallende [&hellip;]"}

Talha Yunus Cicek Çiçek

Op woensdag 15 oktober werd de derde ideeënmarkt gehouden in het stadshuis van Nieuwegein met als thema ‘ontmoeten en verbinden’. Inwoners uit Nieuwegein konden hun ideeën inzenden voor allerlei ontwikkelingen binnen hun stad. GroenLinks-raadslid en voorzitter van de ideeënmarkt Jelle Doosje vertelt hoe de ideeënmarkt inwoners betrekt bij hun stad Met zijn ronde bril, opvallende [&hellip;]
